nds digit of 9302?
9
What is the units digit of 1701?
1
What is the thousands digit of 3799?
3
What is the hundreds digit of 2243?
2
What is the thousands digit of 2067?
2
What is the hundreds digit of 14884?
8
What is the units digit of 7409?
9
What is the ten thousands digit of 143022?
4
What is the thousands digit of 1540?
1
What is the tens digit of 2102?
0
What is the units digit of 3395?
5
What is the hundreds digit of 1433?
4
What is the ten thousands digit of 15153?
1
What is the units digit of 8181?
1
What is the units digit of 9161?
1
What is the thousands digit of 1334?
1
What is the hundreds digit of 30401?
4
What is the thousands digit of 3994?
3
What is the thousands digit of 12757?
2
What is the hundreds digit of 868?
8
What is the tens digit of 800?
0
What is the thousands digit of 4355?
4
What is the hundreds digit of 28005?
0
What is the hundreds digit of 75181?
1
What is the ten thousands digit of 43671?
4
What is the tens digit of 1311?
1
What is the thousands digit of 2647?
2
What is the tens digit of 62464?
6
What is the hundreds digit of 1645?
6
What is the hundreds digit of 1191?
1
What is the tens digit of 6593?
9
What is the hundreds digit of 83597?
5
What is the units digit of 3067?
7
What is the thousands digit of 71437?
1
What is the tens digit of 31292?
9
What is the units digit of 816?
6
What is the units digit of 54?
4
What is the hundreds digit of 5799?
7
What is the units digit of 95504?
4
What is the ten thousands digit of 193573?
9
What is the hundreds digit of 1367?
3
What is the units digit of 1337?
7
What is the thousands digit of 18197?
8
What is the ten thousands digit of 11834?
1
What is the thousands digit of 4750?
4
What is the units digit of 473?
3
What is the units digit of 1164?
4
What is the hundred thousands digit of 104330?
1
What is the units digit of 1434?
4
What is the units digit of 2207?
7
What is the thousands digit of 2363?
2
What is the units digit of 2166?
6
What is the thousands digit of 8923?
8
What is the hundreds digit of 35094?
0
What is the thousands digit of 1933?
1
What is the hundreds digit of 3382?
3
What is the tens digit of 20138?
3
What is the units digit of 365?
5
What is the hundreds digit of 259?
2
What is the units digit of 9579?
9
What is the units digit of 3226?
6
What is the units digit of 869?
9
What is the hundreds digit of 809?
8
What is the hundreds digit of 413?
4
What is the tens digit of 369?
6
What is the hundreds digit of 1113?
1
What is the ten thousands digit of 11810?
1
What is the tens digit of 717?
1
What is the units digit of 211?
1
What is the ten thousands digit of 50472?
5
What is the units digit of 42730?
0
What is the thousands digit of 3914?
3
What is the units digit of 452?
2
What is the thousands digit of 4214?
4
What is the tens digit of 11836?
3
What is the hundreds digit of 919?
9
What is the units digit of 4328?
8
What is the hundreds digit of 4389?
3
What is the thousands digit of 31150?
1
What is the thousands digit of 76977?
6
What is the thousands digit of 5825?
5
What is the hundreds digit of 1534?
5
What is the units digit of 2141?
1
What is the units digit of 174?
4
What is the tens digit of 351?
5
What is the thousands digit of 4805?
4
What is the tens digit of 4226?
2
What is the hundreds digit of 112677?
6
What is the thousands digit of 1580?
1
What is the thousands digit of 1919?
1
What is the tens digit of 8512?
1
What is the tens digit of 59405?
0
What is the thousands digit of 6113?
6
What is the tens digit of 1552?
5
What is the tens digit of 30420?
2
What is the thousands digit of 1508?
1
What is the units digit of 863?
3
What is the units digit of 2090?
0
What is the ten thousands digit of 11030?
1
What is the units digit of 21?
1
What is the thousands digit of 9214?
9
What is the hundreds digit of 965?
9
What is the units digit of 2083?
3
What is the units digit of 493?
3
What is the hundreds digit of 1983?
9
What is the thousands digit of 47762?
7
What is the units digit of 3674?
4
What is the tens digit of 45258?
5
What is the thousands digit of 1204?
1
What is the thousands digit of 2240?
2
What is the units digit of 730?
0
What is the tens digit of 19047?
4
What is the tens digit of 6675?
7
What is the hundreds digit of 13381?
3
What is the ten thousands digit of 18042?
1
What is the hundreds digit of 6287?
2
What is the thousands digit of 49580?
9
What is the hundreds digit of 24309?
3
What is the thousands digit of 2100?
2
What is the tens digit of 31872?
7
What is the thousands digit of 78414?
8
What is the units digit of 222?
2
What is the hundreds digit of 8084?
0
What is the units digit of 27359?
9
What is the thousands digit of 1934?
1
What is the thousands digit of 80528?
0
What is the units digit of 3162?
2
What is the hundreds digit of 118261?
2
What is the thousands digit of 2742?
2
What is the thousands digit of 56342?
6
What is the tens digit of 1887?
8
What is the hundreds digit of 3969?
9
What is the ten thousands digit of 38391?
3
What is the thousands digit of 26870?
6
What is the units digit of 3576?
6
What is the thousands digit of 1875?
1
What is the hundreds digit of 17722?
7
What is the tens digit of 26774?
7
What is the hundreds digit of 62554?
5
What is the thousands digit of 1109?
1
What is the units digit of 735?
5
What is the thousands digit of 14530?
4
What is the hundreds digit of 398?
3
What is the tens digit of 437?
3
What is the thousands digit of 15201?
5
What is the units digit of 2151?
1
What is the tens digit of 10820?
2
What is the thousands digit of 1136?
1
What is the ten thousands digit of 45133?
4
What is the hundreds digit of 3811?
8
What is the hundreds digit of 833?
8
What is the tens digit of 1873?
7
What is the units digit of 18615?
5
What is the ten thousands digit of 11421?
1
What is the tens digit of 183?
8
What is the ten thousands digit of 52269?
5
What is the units digit of 465?
5
What is the units digit of 137?
7
What is the thousands digit of 5296?
5
What is the tens digit of 100818?
1
What is the tens digit of 64243?
4
What is the hundreds digit of 409?
4
What is the units digit of 23158?
8
What is the tens digit of 20821?
2
What is the tens digit of 2164?
6
What is the units digit of 696?
6
What is the units digit of 127?
7
What is the tens digit of 5296?
9
What is the hundreds digit of 979?
9
What is the ten thousands digit of 24110?
2
What is the tens digit of 5063?
6
What is the hundreds digit of 5826?
8
What is the thousands digit of 15836?
5
What is the tens digit of 113209?
0
What is the hundreds digit of 1331?
3
What is the tens digit of 37998?
9
What is the hundreds digit of 2914?
9
What is the tens digit of 5138?
3
What is the ten thousands digit of 61597?
6
What is the tens digit of 87989?
8
What is the thousands digit of 94879?
4
What is the tens digit of 14210?
1
What is the thousands digit of 98319?
8
What is the units digit of 618?
8
What is the units digit of 4497?
7
What is the units digit of 539?
9
What is the tens digit of 11669?
6
What is the tens digit of 4144?
4
What is the hundreds digit of 7872?
8
What is the tens digit of 2858?
5
What is the thousands digit of 154363?
4
What is the tens digit of 322?
2
What is the units digit of 1218?
8
What is the thousands digit of 8783?
8
What is the ten thousands digit of 27373?
2
What is the units digit of 4979?
9
What is the tens digit of 3655?
5
What is the hundreds digit of 4068?
0
What is the thousands digit of 8528?
8
What is the hundreds digit of 32686?
6
What is the hundreds digit of 17077?
0
What is the tens digit of 758?
5
What is the hundreds digit of 61222?
2
What is the hundreds digit of 1296?
2
What is the tens digit of 1459?
5
What is the thousands digit of 57021?
7
What is the hundreds digit of 40367?
3
What is the units digit of 163562?
2
What is the thousands digit of 7864?
7
What is the ten thousands digit of 18825?
1
What is the hundreds digit of 1346?
3
What is the hundreds digit of 808?
8
What is the units digit of 387?
7
What is the tens digit of 102754?
5
What is the tens digit of 7125?
2
What is the tens digit of 27423?
2
What is the thousands digit of 2503?
2
What is the thousands digit of 5683?
5
What is the units digit of 573?
3
What is the hundreds digit of 795?
7
What